 3 = 0. What is the units digit of g?
1
Let t(k) = 87*k**2 + 17*k. What is the hundreds digit of t(-8)?
4
Let f be 0 - ((-2)/4)/(11/1100). What is the hundreds digit of 17450/f + (3 - 0)?
3
Let z be -2*((-10)/(-4))/5 - -157. Suppose -6 = -b + 3*a + 9, -5*a = 2*b + 3. Suppose 12*s - z = b*s. What is the tens digit of s?
2
Suppose 2*t - 5*s - 7954 - 39654 = 0, 0 = 3*t - 3*s - 71439. What is the ten thousands digit of t?
2
Let o(l) = -4254*l + 7420. What is the tens digit of o(-10)?
6
Let w = 8253 - 1202. What is the units digit of w?
1
Suppose -3*d = -636*u + 634*u - 58579, 4*d - 78096 = 5*u. What is the tens digit of d?
2
Let v(w) = -2*w**3 - w**2 + 2*w + 3. Let f be v(-3). Let a = f + 115. Let i = a - 111. What is the tens digit of i?
4
Let w = 78 + -73. What is the units digit of (2 - (-1211)/w) + 11/(-55)?
4
Let y be ((-729)/15 + -5)/(2/(-45)). Suppose 3*o - 1210 = -4*t + 4*o, 4*t - 3*o = y. What is the hundreds digit of t?
3
Let w(d) = -2*d**3 + 51*d**2 - 13*d - 57. What is the units digit of w(23)?
9
Suppose 0 = -20*j + 10*j + 5*j. Suppose j = 6*v - 11*v - 5*u + 575, -127 = -v + 5*u. What is the hundreds digit of v?
1
Let w be (-2024)/(-176)*772/2. Suppose -2*k - w = -6*h + 3*h, -2*k - 5916 = -4*h. What is the tens digit of h?
7
Let b(g) = 152*g**2 + 30*g - 22. Let c be b(9). Suppose -2564 + c = 28*m. What is the hundreds digit of m?
3
Let r = 735408 - 184948. What is the units digit of (-1)/(-9) + r/306?
9
Suppose 389206 = 103*x - 249188. What is the tens digit of x?
9
Suppose 30*n + 1076 = 32*n. Suppose -13 = -19*a + n. What is the units digit of a?
9
Suppose y - 14*y + 132352 + 21646 = 0. What is the hundreds digit of y?
8
Suppose 419244 = 44*b - 2*b. What is the tens digit of b?
8
Suppose 2 - 1 = p, -3*p + 11 = -4*g. Let k be (g/(-10))/(6/30). What is the tens digit of (k - -1) + 7 + 239?
4
Let h(j) be the first derivative of 41*j**5/120 - 2*j**4/3 + 28*j**3/3 - 16. Let u(m) be the third derivative of h(m). What is the hundreds digit of u(4)?
1
Let p = 1267 + -727. What is the tens digit of p + 4 + 4 - 2?
4
Let f(z) = -36*z - 38. Let s be (-5)/(-3) + (-528)/36. What is the hundreds digit of f(s)?
4
Suppose 0 = 40*u - 35*u + 5*z - 50215, -2*u = -5*z - 20093. What is the hundreds digit of u?
0
Suppose 5*n - 519 = -f, -15*f - 311 = -3*n - 16*f. Let g = n - 201. Let d = 35 - g. What is the hundreds digit of d?
1
Suppose 0*p - 5 = -p. Let w(j) = 10*j + 710. Let x be w(-59). Suppose -a + p*a - x = -5*n, 4*n - 2*a = 122. What is the tens digit of n?
2
Let g be -1*(-1)/((-3)/18). Let t(r) = -18*r - 7. Let v(z) = 54*z + 22. Let s(m) = -8*t(m) - 3*v(m). What is the tens digit of s(g)?
9
Let t(k) = -2*k + 9. Let p be t(6). Let q be 6/(0/p + 2) - 27. What is the tens digit of (2 - (2 - -8))*492/q?
6
Let q = -82 + 86. Suppose -z + 4*y = -6, -6*z + q*z + 2*y + 6 = 0. Suppose -3*x + 108 = z*k - 115, 5*k - 288 = -4*x. What is the tens digit of x?
7
Let g(d) = -136*d - 64. Let o = 204 - 207. What is the units digit of g(o)?
4
Let x be (-3)/(12/21 - 1). Suppose 0 = j + 2*i - 7 + 3, -2*j + x = 3*i. Suppose -2*d - 232 = -4*u, j*u + 0*u = 4*d + 104. What is the units digit of u?
0
Let k(v) = 1112*v - 3029. What is the tens digit of k(18)?
8
Let f be 0/(1*2) - (-25 - -23). Suppose -1473 = -f*c - 211. Suppose -j + 89 = -2*q - 45, -c = -5*j - 3*q. What is the units digit of j?
8
Suppose 9*m = 5*m - 22*m + 195442. What is the units digit of m?
7
Suppose 5*w + c + 1316 = -0*c, 3*w + 5*c = -794. Let m be 8/10*(-50)/(-60) - 11450/75. Let k = m - w. What is the hundreds digit of k?
1
Let j(v) = -113*v - 19. Let w be j(-4). Let u = 917 - w. What is the units digit of u?
4
Let i = 270 + -242. What is the tens digit of 16/i + 132544/112?
8
Let c = 187 + -155. Suppose c*t - 1148 = -9*t. What is the units digit of t?
8
Let t = 7276 - 1176. What is the tens digit of t?
0
Let g(j) = 474*j**3 - 22*j**2 + 6*j. What is the hundreds digit of g(3)?
6
Suppose 0 = -v + 1 - 4, 4*v = 4*x - 28. Suppose -1648 = -x*p - 2*m, -3*p - 350 = -4*m - 1597. What is the units digit of p?
3
Let k(p) = 7 - 33*p + 5 + 6*p + 5*p**2 - 14. What is the hundreds digit of k(10)?
2
Let o be (-5 - 150/(-18))/(2/132). What is the tens digit of -2*(-5 - o/(-12))*-15?
0
What is the hundreds digit of ((-7)/(-2))/(65328/(-32672) + 2)?
1
What is the thousands digit of 23 - -16279*(-80)/(-16)?
1
Suppose 4*p + d = -0*d + 143, -3*p = d - 108. Suppose -18*z + p = -11*z. Suppose -3*n = -3, z*n = -5*i + 429 + 716. What is the tens digit of i?
2
Let k = 6905 + 3605. What is the ten thousands digit of k?
1
Let t = 116171 - 73949. What is the hundreds digit of t?
2
Suppose -39*w - 75904 = -247972. What is the tens digit of w?
1
Let r(q) = -18*q**2 - 12*q + 68. Let b be r(12). Let g = -1521 - b. What is the hundreds digit of g?
1
What is the tens digit of (-26 + (-11160)/(-450))/(50026/50030 + -1)?
0
Let n = 3274 + 50155. What is the hundreds digit of n?
4
Suppose 3*o - 12 = 0, -5*t + 7*o + 125185 - 16768 = 0. What is the tens digit of t?
8
Let b be (-12)/(-78) + 252/52. Suppose -v + 1187 = b*x - 4*x, 2*v - 4*x - 2368 = 0. What is the tens digit of v?
8
Let t(y) = 5*y**2 + 5*y + 7. Suppose -2*u + 171 = -5*q - 47, 5*q - 5*u = -215. Let a be (-8)/(-44) - (-96)/q. What is the tens digit of t(a)?
1
Let d = -409 - 1569. Let l = -1283 - d. What is the tens digit of l?
9
Let j = 11507 - 6062. What is the tens digit of j?
4
Let l(k) = 14*k**2 + 2*k + 44. What is the thousands digit of l(-20)?
5
Let d(m) = -3*m - 52. Let t be (-2)/(-7) - 675/35. Let y be d(t). Suppose 0*x = -4*x + 20, i - 181 = y*x. What is the tens digit of i?
0
Suppose 45*x - 48*x - 1800 = 0. What is the units digit of ((-1600)/x)/((0 + 1)/12)?
2
Let c = -90 + 60. What is the units digit of (0 + 9)/((c/(-6))/5)?
9
Let r(p) = -3*p + 32. Let a be r(10). Let y(z) = 12*z**2 + 3*z**2 + 13*z**a + 2*z - 3*z + 1. What is the tens digit of y(-1)?
3
Suppose -2*c - 2*k + 65228 = 0, -5*c - 90115 = -2*k - 253171. What is the ten thousands digit of c?
3
Suppose 0 = -i - 0*r - r + 4350, 0 = -2*i - r + 8704. Suppose 1134 = 16*m - i. What is the hundreds digit of m?
3
Let a = -4601 + 7931. What is the hundreds digit of a?
3
Suppose -6*m + 125 = 29. Suppose -6764 = -3*o - m*o. What is the hundreds digit of o?
3
Suppose 5195*x = 5200*x - 304995. What is the ten thousands digit of x?
6
Let y be ((-390)/(-12))/(4/8). Suppose y*m = 76*m - 10153. What is the units digit of m?
3
Suppose -14*j = -19 - 9. What is the tens digit of (-9)/(-3) + (-1)/j*-1306?
5
Let v = -20 - -9. Let q(z) = -21*z - 60. What is the tens digit of q(v)?
7
Suppose 39127 = 10*q - 4793. What is the hundreds digit of q?
3
What is the hundreds digit of (-27)/(-21*11/483329)?
4
Let s = 166 - 164. What is the tens digit of (-7 - -5)*(-79)/s?
7
Suppose -5*n + 14805 = 166*x - 171*x, 0 = -3*n - x + 8871. What is the tens digit of n?
5
Let u(o) be the third derivative of o**6/120 + o**5/15 - 7*o**4/24 + o**3 - 6*o**2. Let g be u(-5). Suppose -3*b - g = -220. What is the units digit of b?
8
Suppose 7*b - 9*b - 3*d = -17, -b + 11 = 4*d. Suppose -b*h = -4*h - 4*m - 44, 0 = h - 3*m - 8. What is the tens digit of h?
2
Let h be -318 - ((-6)/(-9))/((-7)/42). Let v = h + 758. What is the hundreds digit of v?
4
Let v(x) = 64*x + 80. Let o(z) = z**2 - 33*z + 103. Let y be o(30). What is the tens digit of v(y)?
1
Suppose 0 = 34*y + 86 - 392. Suppose -2694 - 7179 = -y*g. What is the thousands digit of g?
1
Suppose -2*b + 365 = f - 271, 2*b - 1272 = -2*f. Let s = f + -147. What is the hundreds digit of s?
4
Let i(x) = -x**3 + 6*x**2 + 3*x + 31. Let d be i(7). Suppose -d*u + 775 = -2*p - 458, 2*p + 415 = u. What is the units digit of u?
9
Let r(f) = -1381*f + 2777. What is the hundreds digit of r(-9)?
2
What is the hundreds digit of (-41)/(615/18405)*140/(-6)?
6
What is the hundreds digit of 72314 - (10 - (15 - -15))?
3
Let s be 574088/58 - 72/1044. What is the hundreds digit of (-1)/2 + 12 + s/28?
3
Let g = -1870 - -4361. What is the thousands digit of g?
2
Let l(y) = 2*y**2 + 3*y - 8. Let q(n) = -3*n**2 - 2*n + 9. Let z(g) = -4*l(g) - 3*q(g). Let v be z(4). What is the hundreds digit of 1 + 218/(-6)*v?
1
Let c(l) = -l**2 + 16*l - 9. Let a be c(15). What is the units digit of 1*a - 758/(-2)?
5
Let c(j) = -5*j + 9 - j - 2*j. L